hat is the hundreds digit of x?
7
Let p(l) = -l. Let o(a) = -a**2 - 15*a - 3. Let n(m) = o(m) + 5*p(m). What is the tens digit of n(-8)?
9
Let m(c) = -2*c - 6. Let s be m(-5). Suppose s*n = 2*t + 224, -n = n - 4*t - 100. What is the units digit of n?
8
Let c(u) = u - 6. Let z be c(6). Let x = z + 0. Suppose -3*o - 2*o - 4*b = -8, x = 4*o - b - 19. What is the units digit of o?
4
What is the hundreds digit of (((-9)/3)/(-9))/(53/351867)?
2
Suppose -2*u = 6 - 132. What is the units digit of u?
3
Let m(c) = -c**3 - 7*c**2 - c - 4. Let g = 1 + -8. Let r be m(g). Suppose -5*h - r = -13. What is the units digit of h?
2
Let a = 25 - 23. Suppose -3 = -k - i - 12, 33 = -a*k - 5*i. What is the units digit of k + 3 + 5*7?
4
Suppose 2*w - 32 = -2*w. Let c be (-8 + w)/(-1 - -2). Suppose c = 5*f - 3*f - 46. What is the tens digit of f?
2
Let y = -13 + 16. Suppose 9 = -3*c, -5*c - 136 = -y*w + 149. What is the units digit of w?
0
Let n = 10 - -99. Let s = 213 - n. What is the units digit of s?
4
Suppose 16*n = 22*n - 966. What is the hundreds digit of n?
1
Suppose -2*u + 1017 = 277. What is the units digit of u?
0
Suppose 4*k - 340 = 5*y, -3*y + 3*k = -4 + 208. What is the units digit of (-10)/(-30) + y/(-3)?
3
Let b be 752/6 + (6 - (-112)/(-21)). Suppose 3*y + b = 5*y. What is the units digit of y?
3
Suppose 3*h - 4 - 2 = 0. Let i(t) = 82*t**h - 8 - 81*t**2 + 3*t - t. What is the tens digit of i(-9)?
5
Suppose -37*a = -32*a - 5150. What is the units digit of a?
0
Let i(c) = -c**2 + 2 + 2 + 4 + 8*c - 6. Suppose -5 = 4*o - 29. What is the units digit of i(o)?
4
What is the tens digit of (-4 + 2)*774/(-36)?
4
Let n = 19 - 23. Let k = 49 - n. What is the tens digit of k?
5
Let q(b) = -3*b**3 - 2*b**2 + 33. What is the hundreds digit of q(-7)?
9
Suppose -2*t + 6 = t. Suppose -t*p = p + 24. What is the tens digit of (p/(-20))/(3/375)?
5
Let h be 5/2*3206/35. Let f = h + -115. What is the tens digit of f?
1
Let k(w) = 3*w**2 - 5*w - 26. Let v be -18*(-3 - 50/(-15)). What is the hundreds digit of k(v)?
1
What is the units digit of -2153*((-9)/24 + (-75)/120)?
3
Let z(j) = j**3 - 15*j**2 + 16*j + 6. Let m be z(14). Let t = m + -31. What is the units digit of t?
3
Suppose -8*n = -3*n - x - 14422, n + 2*x - 2880 = 0. What is the thousands digit of n?
2
Let d be (-6)/(-8) + 6/(-8). Suppose 4*a = 3*j - 2 + 19, d = 3*a + 12. Let y(s) = -3*s - 10. What is the tens digit of y(j)?
2
Let q be 0*(-1)/2*-2. Suppose -9*f + 11*f - 144 = q. What is the units digit of f?
2
Let d(i) = -i**3 + 20*i**2 + i - 39. What is the units digit of d(19)?
1
Let c = 4814 - 3398. What is the thousands digit of c?
1
Suppose 16*f + 24*f - 70440 = 0. What is the thousands digit of f?
1
Suppose -w + 4*u - 5 = 0, 0*w - w - 2*u = -7. Let h be (5 + -2)*(0 + w). Suppose p - t - 17 = 3*t, -5*p = -t - h. What is the units digit of p?
1
Suppose -6*q + 3481 = 655. What is the hundreds digit of q?
4
Let v(h) be the third derivative of h**7/720 - h**6/360 - h**5/12 + 3*h**2. Let q(k) be the third derivative of v(k). What is the units digit of q(2)?
2
Let k(n) = 26*n**2 + 4*n - 21. What is the units digit of k(3)?
5
What is the hundreds digit of ((-3073)/14)/((-2)/4)?
4
Let j = -301 + 576. What is the tens digit of j?
7
Let u be -3 + (8 - 3) + 0 + 82. Suppose 2*a + 3*q - 44 = 38, -2*a - 4*q + u = 0. What is the tens digit of a?
3
Let x = 6 - -14. Let w = 33 + x. What is the units digit of w?
3
Let a = -3548 - -9224. What is the tens digit of a?
7
Let t be 1*(-2)/(-2) - 0. What is the hundreds digit of 0 - (3/t - 3) - -116?
1
Let c(w) be the first derivative of w**4/4 + 4*w**3/3 - w**2 - 7*w - 13. What is the hundreds digit of c(4)?
1
Let z(r) = 2*r**3 + 6*r**2 + r + 6. Let g be z(-5). What is the tens digit of 4*1 - (7 + g)?
9
Let p(w) = 36*w**3 + 3*w**2 - 4*w + 1. What is the tens digit of p(2)?
9
Let h = -347 + 927. What is the tens digit of h?
8
Suppose 4*w - 7004 = -2*g, 5*g - 3*w = -6904 + 24349. What is the tens digit of g?
9
Let w = -254 + 746. Suppose -w = -4*z + 48. What is the hundreds digit of z?
1
Let y(a) = 47*a + 2. Suppose 0 = -0*k - 5*k + 5*w + 10, k = -w. What is the units digit of y(k)?
9
Let m(x) = -16*x**3 - 4*x**2 + 5*x + 6. What is the tens digit of m(-4)?
4
Let n(w) be the third derivative of w**4/3 - 7*w**3/2 - 7*w**2. What is the tens digit of n(13)?
8
Let p(k) = -5*k + 39. Let l be p(9). What is the hundreds digit of (-3 - l - -181) + -4?
1
Let p(a) be the first derivative of -a**4/4 - 10*a**3/3 - 2*a**2 + 2*a + 20. What is the tens digit of p(-10)?
4
Let j = -1511 - -2518. What is the thousands digit of j?
1
Let i(t) = -t**2 + t - 1. Let f(d) = 5*d**2 - 15*d + 1. Let p(l) = -f(l) - 3*i(l). Let g(s) be the first derivative of p(s). What is the tens digit of g(-6)?
3
Let d(o) = -942*o - 77. What is the units digit of d(-5)?
3
Suppose 26*k - 19*k - 1953 = 0. What is the hundreds digit of k?
2
Let j = 6 - 2. Suppose -57 = -5*a + 2*a. Suppose 4*b + 3*t = 177, -j*t - a - 210 = -5*b. What is the tens digit of b?
4
Let g = 16 + 35. Let i = g - 19. Suppose 0*j + i = j. What is the tens digit of j?
3
Let r be ((-60)/(-35))/(2/49). Suppose r = 3*v + s - 4*s, 2*v - 16 = -s. What is the units digit of 31 - ((4 - v) + 4)?
3
Suppose 471*u - 519*u = -304848. What is the thousands digit of u?
6
Suppose 2*b = -2*b - 2*a, b = -2*a. Suppose 0 = 12*v - b*v - 2292. What is the hundreds digit of v?
1
What is the units digit of (-5 + 121)*2/4?
8
Let w be ((-114)/(-24) + 1 + 1)*24. Suppose 5*z = 2*z + w. What is the tens digit of z?
5
Let g be 2*(-4)/8 - -37. Let f = -38 + g. What is the tens digit of (39/f - 1)*-2?
4
Let k be 5 - -2*(-4)/8. Suppose 9 - 1 = k*n. What is the units digit of n?
2
What is the units digit of ((-4252)/(-6))/(((-70)/(-15))/7)?
3
Let a be (3/2)/(54/72). Suppose s - 4*n = 70, 5*s - 278 = a*n - 0*n. What is the tens digit of s?
5
Suppose 5*m - 10 = 0, 4*p - 3*m - 6 = -2*m. Suppose 0 = o + 4, 2*z + p*o = z + 9. What is the tens digit of z?
1
Let a be (-231)/42*8*-1. Suppose 7*p = -a + 163. What is the units digit of p?
7
Suppose a = -4*m + 1593, -25*m = -21*m - a - 1591. What is the units digit of m?
8
Let n be (8/3)/((-6)/27). Suppose -453 = -5*o - 558. What is the tens digit of n/o + (-618)/(-21)?
3
Let c(p) = 3*p**2 - 16*p - 205. What is the hundreds digit of c(-28)?
5
Suppose 0 = 5*d - 20. Suppose 130 = d*r - 266. What is the tens digit of r?
9
Let r = -225 + 571. What is the units digit of r?
6
Let v = 27 + -25. Suppose 4*g - 51 = 2*g - 5*l, v*g - l = 69. What is the units digit of g?
3
Let o(s) = 11 + 17 - 2*s + 20 + s. What is the tens digit of o(0)?
4
Let p(f) = f + 17. Let q be p(-13). Suppose -12*r + q*r = -8. What is the units digit of r?
1
Suppose 585*d = 591*d - 25128. What is the thousands digit of d?
4
Suppose 3*q = 2*p - 1453 - 489, 2*q - 3868 = -4*p. What is the tens digit of p?
6
Let m(v) = 12*v + 169. Let q(l) = -3*l - 42. Let k(s) = 2*m(s) + 9*q(s). What is the tens digit of k(-17)?
1
Suppose -6*b + 77 = b. Suppose -b*a + 6*a = -380. What is the units digit of a?
6
Suppose 0 = -n - 1, -3*h + 0*n - 2*n - 2 = 0. Let m(q) = -1 + q + 2*q + h*q - q + 13*q**3. What is the tens digit of m(1)?
1
Let y be 1/((27/6)/9). Suppose 0 = g - 2*g + 4, 5*x - 48 = -y*g. What is the units digit of x?
8
Let c = 127 - 124. Let d(u) = -u**3 + 7*u**2 + 6*u + 8. Let j be d(6). Suppose c*q + q = j. What is the units digit of q?
0
Let l(c) = -21*c + 20. What is the hundreds digit of l(-13)?
2
Let f(w) = -w**3 + 5*w**2 + 2*w - 6. Let s be f(5). Suppose -s*y = -2 - 26. What is the units digit of y/(-3)*-21 - -1?
0
Let h(o) = o**3 + 5*o**2 - 7*o - 4. Let u(w) = -2*w + 13. Let p(z) = -10*z**3 - 2*z**2 + 1. Let v be p(-1). Let s be u(v). What is the units digit of h(s)?
1
Suppose x = 3*b + 6 + 90, -108 = -x - 3*b. Let t = 220 - x. What is the tens digit of t?
1
Suppose 5*i + 43 = g, 2*i - 2 = i. Let a = -24 + g. What is the tens digit of -2 + a - (-1 - -4)?
2
Let f = 541 - 141. What is the hundreds digit of f?
4
Let p(z) = -2*z - 10. Let f be p(-8). Let s = f - 1. Suppose s*w = 5*r - 15, -4*w + 6 = -6. What is the units digit of r?
6
Suppose -34*n + 3*n = -24707. What is the hundreds digit of n?
7
Suppose -2*x - 5*k = x, -k + 22 = 5*x. Suppose -3*g + 42 = x*n - 4*g, -4*g = 4*n - 24. What is t